{"id":1072,"date":"2023-10-10T18:00:27","date_gmt":"2023-10-10T18:00:27","guid":{"rendered":"http:\/\/74.208.156.42\/Coeneo\/?page_id=1072"},"modified":"2023-10-10T18:06:08","modified_gmt":"2023-10-10T18:06:08","slug":"politicas-de-privacidad-coeneo","status":"publish","type":"page","link":"http:\/\/coeneo.gob.mx\/?page_id=1072","title":{"rendered":"Politicas de Privacidad Coeneo"},"content":{"rendered":"<div class=\"fusion-fullwidth fullwidth-box fusion-builder-row-1 fusion-flex-container has-pattern-background has-mask-background nonhundred-percent-fullwidth non-hundred-percent-height-scrolling\" style=\"--awb-border-radius-top-left:0px;--awb-border-radius-top-right:0px;--awb-border-radius-bottom-right:0px;--awb-border-radius-bottom-left:0px;--awb-flex-wrap:wrap;\" ><div class=\"fusion-builder-row fusion-row fusion-flex-align-items-flex-start fusion-flex-content-wrap\" style=\"max-width:1248px;margin-left: calc(-4% \/ 2 );margin-right: calc(-4% \/ 2 );\"><div class=\"fusion-layout-column fusion_builder_column fusion-builder-column-0 fusion_builder_column_1_1 1_1 fusion-flex-column\" style=\"--awb-bg-size:cover;--awb-width-large:100%;--awb-margin-top-large:0px;--awb-spacing-right-large:1.92%;--awb-margin-bottom-large:20px;--awb-spacing-left-large:1.92%;--awb-width-medium:100%;--awb-order-medium:0;--awb-spacing-right-medium:1.92%;--awb-spacing-left-medium:1.92%;--awb-width-small:100%;--awb-order-small:0;--awb-spacing-right-small:1.92%;--awb-spacing-left-small:1.92%;\"><div class=\"fusion-column-wrapper fusion-column-has-shadow fusion-flex-justify-content-flex-start fusion-content-layout-column\"><div class=\"fusion-title title fusion-title-1 fusion-sep-none fusion-title-rotating fusion-animate-once fusion-title-bounceIn fusion-title-size-one\" style=\"--awb-margin-top-small:10px;--awb-margin-right-small:0px;--awb-margin-bottom-small:10px;--awb-margin-left-small:0px;\"><h1 class=\"fusion-title-heading title-heading-left\" style=\"margin:0;\"><span class=\"fusion-animated-text-prefix\"><\/span> <span class=\"fusion-animated-texts-wrapper\" style=\"text-align: center;\" data-length=\"line\" data-minDisplayTime=\"1200\"><span class=\"fusion-animated-texts\"><span data-in-effect=\"bounceIn\" class=\"fusion-animated-text\" data-in-sequence=\"true\" data-out-reverse=\"true\" data-out-effect=\"bounceOut\">Aviso de Privacidad<\/span><\/span><\/span> <span class=\"fusion-animated-text-postfix\"><\/span><\/h1><\/div><div class=\"fusion-text fusion-text-1\"><h5 style=\"font-weight: 500;\"><strong>AVISO DE PRIVACIDAD INTEGRAL<\/strong><\/h5>\n<p style=\"font-weight: 100;\">El Municipio de Coeneo Michoac\u00e1n, con domicilio en la calle Porfirio D\u00edaz No. 51, Col. Centro, C.P 58400, Coeneo de la Libertad, Mich. es el responsable del tratamiento de los datos personales que usted nos proporcione, los cuales ser\u00e1n protegidos conforme a lo dispuesto por la Ley de Protecci\u00f3n de Datos Personales en Posesi\u00f3n de los Sujetos Obligados del Estado de Michoac\u00e1n de Ocampo y dem\u00e1s normatividad que resulte aplicable.<\/p>\n<h5 style=\"font-weight: 500;\">II.OBJETO DEL AVISO DE PRIVACIDAD:<\/h5>\n<p style=\"font-weight: 100;\">Este Aviso de Privacidad tiene por objeto proporcionarle una visi\u00f3n clara de c\u00f3mo usamos los datos personales que usted como titular de datos personales nos proporciona, nuestros esfuerzos por protegerlos, las opciones que tiene para controlar sus datos personales y proteger su privacidad, as\u00ed como la forma en que utilizamos sus datos personales y los terceros con los que la compartiremos.<\/p>\n<h6 style=\"font-weight: 500;\">III. \u00bfQU\u00c9 DATOS PERSONALES SOLICITAMOS Y PARA QU\u00c9 FINES?<\/h6>\n<p style=\"font-weight: 100;\">Los datos personales que solicitamos los utilizaremos para la tramitaci\u00f3n de solicitudes de ingreso a programas, solicitudes de informaci\u00f3n, solicitudes de ejercicio de derechos ARCO y ARCOP, recursos de revisi\u00f3n, tr\u00e1mite de denuncias, expedici\u00f3n de copias simples y certificadas de los expedientes, as\u00ed como, para todas aquellas obligaciones que se desprendan conforme a lo establecido en la Ley de Protecci\u00f3n de Datos Personales en Posesi\u00f3n de Sujetos Obligados del Estado de Michoac\u00e1n de Ocampo, lo anterior, para regular su debido tratamiento, mediante procedimientos sencillos y expeditos.<\/p>\n<p style=\"font-weight: 100;\">Para llevar a cabo las finalidades descritas en el presente aviso de privacidad, se solicitar\u00e1n los siguientes datos personales:<\/p>\n<h5><strong>A.\u00a0<\/strong><strong>Datos personales<\/strong><\/h5>\n<p><strong>Nombre, estado civil, Registro Federal de Contribuyentes (RFC), Clave \u00danica del Registro de Poblaci\u00f3n (CURP), Lugar de nacimiento, Fecha de nacimiento, Nacionalidad, Domicilio, Tel\u00e9fono particular, Tel\u00e9fono Celular, Correo Electr\u00f3nico, Firma Aut\u00f3grafa, Edad, Fotograf\u00eda Estatura, Peso.<\/strong><\/p>\n<p style=\"font-weight: 100;\">Adem\u00e1s de los datos personales mencionados anteriormente, para las finalidades informadas en el presente aviso de privacidad, utilizaremos los siguientes datos personales considerados como sensibles, que requieren de especial protecci\u00f3n:<\/p>\n<h5><strong>B.\u00a0<\/strong><strong>Datos personales sensibles:<\/strong><\/h5>\n<p style=\"font-weight: 100;\">Datos socioecon\u00f3micos, Estado de salud f\u00edsico, datos biom\u00e9tricos (huella dactilar).<\/p>\n<h6 style=\"font-weight: 500;\">IV. \u00bfCON QUI\u00c9N COMPARTIMOS SU INFORMACI\u00d3N PERSONAL Y PARA QU\u00c9 FINES?<\/h6>\n<p style=\"font-weight: 100;\">Le informamos que con fundamento en los art\u00edculos 61 al 67 de la Ley de Protecci\u00f3n de Datos Personales en posesi\u00f3n de Sujetos Obligados del Estado de Michoac\u00e1n de Ocampo, podr\u00edamos realizar en caso de ser necesario para el cumplimiento de las reglas de operaci\u00f3n de programas sociales, integraci\u00f3n de padrones de beneficiarios, solicitudes de ingreso a programas sociales, las siguientes transferencias y remisiones de datos personales para las cuales requerimos de su consentimiento:<\/p>\n<table style=\"font-weight: 100; height: 186px;\" width=\"1069\">\n<tbody>\n<tr>\n<td width=\"274\">\n<h4 style=\"font-weight: lighter; text-align: center;\"><strong>Destinatario de los datos personales<\/strong><\/h4>\n<\/td>\n<td style=\"text-align: center;\" width=\"312\">\n<h4 style=\"font-weight: lighter;\"><strong>Finalidad<\/strong><\/h4>\n<\/td>\n<\/tr>\n<tr>\n<td width=\"274\">\n<h5 style=\"text-align: center;\">Gobierno del Estado<\/h5>\n<\/td>\n<td width=\"312\">\n<p style=\"font-weight: lighter; text-align: center;\">Integraci\u00f3n de padrones y solicitudes de ingreso a Programas Sociales<\/p>\n<\/td>\n<\/tr>\n<tr>\n<td style=\"text-align: center;\" width=\"274\">\n<h5>Gobierno Federal<\/h5>\n<\/td>\n<td width=\"312\">\n<p style=\"font-weight: lighter; text-align: center;\">Integraci\u00f3n de padrones y solicitudes de ingreso a Programas Sociales<\/p>\n<\/td>\n<\/tr>\n<\/tbody>\n<\/table>\n<h6 style=\"font-weight: 500;\">V. \u00bfCU\u00c1L ES EL FUNDAMENTO PARA EL TRATAMIENTO DE DATOS PERSONALES?<\/h6>\n<p style=\"font-weight: 100;\">El tratamiento de datos personales se fundamenta en los art\u00edculos del 12 al 38, de la Ley de Protecci\u00f3n de Datos Personales en Posesi\u00f3n de Sujetos Obligados del Estado de Michoac\u00e1n de Ocampo.<\/p>\n<h6 style=\"font-weight: 500;\">VI. \u00bfD\u00d3NDE PUEDO EJERCER MIS DERECHOS ARCO y ARCOP?<\/h6>\n<p style=\"font-weight: 100;\">Usted podr\u00e1 presentar una solicitud para el ejercicio de los derechos de acceso, rectificaci\u00f3n, cancelaci\u00f3n u oposici\u00f3n y portabilidad de sus datos personales (derechos ARCO y ARCOP), as\u00ed como la atenci\u00f3n de cualquier duda respecto del tratamiento de sus datos personales, en la Unidad de Transparencia, Acceso a la Informaci\u00f3n y Protecci\u00f3n de Datos Personales, con domicilio en calle Porfirio D\u00edaz n\u00famero 51, colonia centro, Coeneo de la Libertad, Michoac\u00e1n, M\u00e9xico, C.P.58400.<\/p>\n<p style=\"font-weight: 100;\">As\u00ed mismo, usted podr\u00e1 presentar una solicitud de ejercicio de derechos ARCO o ARCOP, a trav\u00e9s de los siguientes medios:<\/p>\n<p style=\"font-weight: 100;\">Dirigi\u00e9ndose al correo electr\u00f3nico:\u00a0<a href=\"mailto:transparencia.zam@gmail.com\">transparencia<\/a>@coeneo.gob.mx<\/p>\n<p style=\"font-weight: 100;\">A trav\u00e9s de la Plataforma Nacional de Transparencia, disponible en\u00a0<a href=\"https:\/\/www.plataformadetransparencia.org.mx\/\">https:\/\/www.plataformadetransparencia.org.mx\/<\/a>\u00a0y\/o bien, a trav\u00e9s del tel\u00e9fono 4543685188 ext 101.<\/p>\n<h6 style=\"font-weight: 500;\">VI. \u00bfC\u00d3MO PUEDE CONOCER LOS CAMBIOS EN ESTE AVISO DE PRIVACIDAD?<\/h6>\n<p style=\"font-weight: 100;\">El presente aviso de privacidad puede sufrir modificaciones, cambios o actualizaciones derivadas de nuevos requerimientos legales o por otras causas.<\/p>\n<p style=\"font-weight: 100;\">Nos comprometemos a mantenerlo informado, sobre los cambios que pueda sufrir el presente aviso de privacidad a trav\u00e9s de: La p\u00e1gina de internet\u00a0<a href=\"https:\/\/coeneo.gob.mx\/aviso-de-privacidad\">www.coeneo.gob.mx<\/a>, de \u00e9ste sujeto Obligado, de conformidad con lo dispuesto por el art\u00edculo 22 segundo p\u00e1rrafo, de la Ley de Protecci\u00f3n de Datos Personales en Posesi\u00f3n de Sujetos Obligados del Estado de Michoac\u00e1n de Ocampo.<\/p>\n<p style=\"font-weight: 100;\">Otro n\u00famero telef\u00f3nico para atenci\u00f3n al p\u00fablico que ponemos a su disposici\u00f3n es el 4543685188 ext. 101<\/p>\n<p style=\"font-weight: 100;\">As\u00ed mismo, el correo electr\u00f3nico de la Contralor\u00eda Municipal contraloria@coeneo.gob.mx.<\/p>\n<h6 style=\"font-weight: 500;\">VII. \u00bfC\u00d3MO PROTEGEMOS SU INFORMACI\u00d3N PERSONAL?<\/h6>\n<p style=\"font-weight: 100;\">Nos comprometemos a proteger su informaci\u00f3n personal y poner en pr\u00e1ctica medidas de seguridad administrativa, t\u00e9cnicas y f\u00edsicas adecuadas para protegerla contra todo tratamiento no autorizado o ilegal y contra cualquier p\u00e9rdida, destrucci\u00f3n o da\u00f1o accidentales. Estas medidas incluyen pol\u00edticas, procedimientos, capacitaci\u00f3n a empleados, control de accesos f\u00edsicos y elementos t\u00e9cnicos relacionados con los controles de acceso a la informaci\u00f3n.<\/p>\n<\/div><div class=\"fusion-separator fusion-full-width-sep\" style=\"align-self: center;margin-left: auto;margin-right: auto;margin-top:20px;width:100%;\"><\/div><\/div><\/div><\/div><\/div>\n","protected":false},"excerpt":{"rendered":"","protected":false},"author":1,"featured_media":0,"parent":0,"menu_order":0,"comment_status":"closed","ping_status":"closed","template":"100-width.php","meta":{"footnotes":""},"class_list":["post-1072","page","type-page","status-publish","hentry"],"_links":{"self":[{"href":"http:\/\/coeneo.gob.mx\/index.php?rest_route=\/wp\/v2\/pages\/1072","targetHints":{"allow":["GET"]}}],"collection":[{"href":"http:\/\/coeneo.gob.mx\/index.php?rest_route=\/wp\/v2\/pages"}],"about":[{"href":"http:\/\/coeneo.gob.mx\/index.php?rest_route=\/wp\/v2\/types\/page"}],"author":[{"embeddable":true,"href":"http:\/\/coeneo.gob.mx\/index.php?rest_route=\/wp\/v2\/users\/1"}],"replies":[{"embeddable":true,"href":"http:\/\/coeneo.gob.mx\/index.php?rest_route=%2Fwp%2Fv2%2Fcomments&post=1072"}],"version-history":[{"count":6,"href":"http:\/\/coeneo.gob.mx\/index.php?rest_route=\/wp\/v2\/pages\/1072\/revisions"}],"predecessor-version":[{"id":1078,"href":"http:\/\/coeneo.gob.mx\/index.php?rest_route=\/wp\/v2\/pages\/1072\/revisions\/1078"}],"wp:attachment":[{"href":"http:\/\/coeneo.gob.mx\/index.php?rest_route=%2Fwp%2Fv2%2Fmedia&parent=1072"}],"curies":[{"name":"wp","href":"https:\/\/api.w.org\/{rel}","templated":true}]}}